{"id":421,"date":"2022-01-06T15:06:05","date_gmt":"2022-01-06T15:06:05","guid":{"rendered":"https:\/\/optimistic-cloud.at\/?page_id=421"},"modified":"2022-05-09T17:17:25","modified_gmt":"2022-05-09T17:17:25","slug":"woerter-fuer-dich","status":"publish","type":"page","link":"https:\/\/optimistic-cloud.at\/?page_id=421","title":{"rendered":"W\u00f6rter f\u00fcr dich"},"content":{"rendered":"\n<p class=\"has-text-align-center has-text-color\" style=\"color:#ce9498\">Wie gehst du selbst mit dir und deinen W\u00f6rtern um? <br>Machst du dich in Gedanken klein oder befl\u00fcgelst du dich selbst zu gr\u00f6\u00dferem ? <\/p>\n\n\n\n<p class=\"has-text-align-center has-text-color\" style=\"color:#ce9498\"><\/p>\n\n\n\n<p class=\"has-text-align-center has-text-color\" style=\"color:#ce9498\">W\u00f6rter haben auch auf dich selbst gro\u00dfen Einfluss. <br>Was du dir denkst, bestimmt deine Emotionen genauso wie es von au\u00dfen gesprochene W\u00f6rter machen. <\/p>\n\n\n\n<p class=\"has-text-align-center has-text-color\" style=\"color:#ce9498\">Finde heraus, welche Denkmuster immer wiederkehrend sind und welche Glaubenss\u00e4tze <br>dich vielleicht auch limitieren. <br><br>Gehe gut mit dir und deinen Gedanken um ! <\/p>\n\n\n\n<p class=\"has-text-align-center\"><\/p>\n\n\n\n<p class=\"has-text-align-center has-text-color\" style=\"color:#ce9498\"><a href=\"https:\/\/optimistic-cloud.at\/?page_id=282&amp;customize_changeset_uuid=55cd1e4b-5437-4af2-a25f-26cde3beff6c&amp;customize_autosaved=on\">Wie kann ich dir bei deinen Gedanken behilflich sein? <br><\/a><\/p>\n","protected":false},"excerpt":{"rendered":"<p>Wie gehst du selbst mit dir und deinen W\u00f6rtern um? Machst du dich in Gedanken klein oder befl\u00fcgelst du dich selbst zu gr\u00f6\u00dferem ? W\u00f6rter haben auch auf dich selbst gro\u00dfen Einfluss. Was du dir denkst, bestimmt deine Emotionen genauso wie es von au\u00dfen gesprochene W\u00f6rter machen. Finde heraus, welche Denkmuster immer wiederkehrend sind und<\/p><\/div>\n<div class=\"blog-btn\"><a href=\"https:\/\/optimistic-cloud.at\/?page_id=421\" class=\"home-blog-btn\">Weiterlesen<\/a><\/p>\n","protected":false},"author":1,"featured_media":0,"parent":0,"menu_order":0,"comment_status":"closed","ping_status":"closed","template":"","meta":{"_acf_changed":false,"footnotes":""},"class_list":["post-421","page","type-page","status-publish","hentry"],"acf":[],"_links":{"self":[{"href":"https:\/\/optimistic-cloud.at\/index.php?rest_route=\/wp\/v2\/pages\/421","targetHints":{"allow":["GET"]}}],"collection":[{"href":"https:\/\/optimistic-cloud.at\/index.php?rest_route=\/wp\/v2\/pages"}],"about":[{"href":"https:\/\/optimistic-cloud.at\/index.php?rest_route=\/wp\/v2\/types\/page"}],"author":[{"embeddable":true,"href":"https:\/\/optimistic-cloud.at\/index.php?rest_route=\/wp\/v2\/users\/1"}],"replies":[{"embeddable":true,"href":"https:\/\/optimistic-cloud.at\/index.php?rest_route=%2Fwp%2Fv2%2Fcomments&post=421"}],"version-history":[{"count":7,"href":"https:\/\/optimistic-cloud.at\/index.php?rest_route=\/wp\/v2\/pages\/421\/revisions"}],"predecessor-version":[{"id":551,"href":"https:\/\/optimistic-cloud.at\/index.php?rest_route=\/wp\/v2\/pages\/421\/revisions\/551"}],"wp:attachment":[{"href":"https:\/\/optimistic-cloud.at\/index.php?rest_route=%2Fwp%2Fv2%2Fmedia&parent=421"}],"curies":[{"name":"wp","href":"https:\/\/api.w.org\/{rel}","templated":true}]}}