{"id":56,"date":"2020-12-19T22:48:54","date_gmt":"2020-12-19T22:48:54","guid":{"rendered":"https:\/\/optimistic-cloud.at\/?page_id=56"},"modified":"2022-05-09T17:14:27","modified_gmt":"2022-05-09T17:14:27","slug":"leadership-2","status":"publish","type":"page","link":"https:\/\/optimistic-cloud.at\/?page_id=56","title":{"rendered":"Deine Worte formen Ver\u00e4nderung"},"content":{"rendered":"\n<p class=\"has-text-align-center has-text-color\" style=\"color:#ce9498\">Gerade, wenn sich Ver\u00e4nderung oder auch nur eine Erweiterung des bestehenden anbahnt, ist Kommunikation besonders wichtig.<br><br>Wie wir in diesen Zeiten kommunizieren ist ausschlaggebend f\u00fcr alle weiteren Schritte und f\u00fcr die weitere geplante Reise. <br><br>Ver\u00e4nderungen k\u00f6nnen wir auf vielf\u00e4ltige Arten und Weisen kommunizieren. Sicherlich wei\u00dft du bereits, aus deiner eigenen Erfahrung, wie es sich anf\u00fchlt, wenn .. <br><br>&#8230; durch die Kommunikation mehr Unsicherheiten entstehen <br>&#8230; etwas auch garnicht kommuniziert wurde <br>&#8230; zu sp\u00e4t kommuniziert wurde<br>&#8230; falsch oder unehrlich kommuniziert wurde <br>&#8230; etwas zuf\u00e4llig durch andere erfahren hat <br><br>Vielleicht wei\u00dft du, aus deiner Erfahrung heraus, aber auch wie es sich anf\u00fchlt, wenn &#8230;<br><br>&#8230; eine Ver\u00e4nderung zeitgerecht kommuniziert wurde <br>&#8230; ehrlich und offen kommuniziert wurde <br>&#8230; du eingebunden bist in diesen Prozess <br>&#8230; du auf eine spannende Reise eingeladen wurdest <br>&#8230; die Kommunikation verst\u00e4ndlich f\u00fcr alle stattgefunden hat <\/p>\n\n\n\n<p class=\"has-text-align-center has-text-color\" style=\"color:#ce9498\"><br>Merkst du schon beim durchlesen dessen, was es in dir ausl\u00f6st ? <br><br>Und vielleicht kannst du hier auch, auch aus deiner Erfahrung heraus, erkennen wie sich Teams ver\u00e4ndern, wenn &#8230; <br><br>&#8230; Raum f\u00fcr Entfaltung und auch Kritik gegeben wird <br>&#8230; Meinung gesagt und vertreten werden kann <br>&#8230; Comfortzonen nicht als Dauerzone angesehen werden <br>&#8230; Eigene Visionen und Ideen eingebracht werden k\u00f6nnen<br>&#8230; Vertrauen in deine St\u00e4rken gelebt wird<br>&#8230; Schw\u00e4chen nicht versteckt sonder erg\u00e4nzt werden<br>&#8230; Vertrauen eine gelebte Eigenschaft ist <br><br>All dies, erschaffen wir mit W\u00f6rtern und bekr\u00e4ftigen diese mit unseren Handlungen<br><\/p>\n\n\n\n<p class=\"has-text-align-center has-text-color\" style=\"color:#ce9498\"><strong><a href=\"https:\/\/optimistic-cloud.at\/?page_id=282&amp;customize_changeset_uuid=55cd1e4b-5437-4af2-a25f-26cde3beff6c&amp;customize_autosaved=on\">Wie kann ich dir auf deiner Leadership Reise behilflich sein ? <br><\/a> <\/strong><\/p>\n\n\n\n<div class=\"wp-block-buttons is-layout-flex wp-block-buttons-is-layout-flex\"><\/div>\n\n\n\n<p><\/p>\n","protected":false},"excerpt":{"rendered":"<p>Gerade, wenn sich Ver\u00e4nderung oder auch nur eine Erweiterung des bestehenden anbahnt, ist Kommunikation besonders wichtig. Wie wir in diesen Zeiten kommunizieren ist ausschlaggebend f\u00fcr alle weiteren Schritte und f\u00fcr die weitere geplante Reise. Ver\u00e4nderungen k\u00f6nnen wir auf vielf\u00e4ltige Arten und Weisen kommunizieren. Sicherlich wei\u00dft du bereits, aus deiner eigenen Erfahrung, wie es sich anf\u00fchlt,<\/p><\/div>\n<div class=\"blog-btn\"><a href=\"https:\/\/optimistic-cloud.at\/?page_id=56\" class=\"home-blog-btn\">Weiterlesen<\/a><\/p>\n","protected":false},"author":1,"featured_media":0,"parent":0,"menu_order":0,"comment_status":"closed","ping_status":"closed","template":"","meta":{"_acf_changed":false,"footnotes":""},"class_list":["post-56","page","type-page","status-publish","hentry"],"acf":[],"_links":{"self":[{"href":"https:\/\/optimistic-cloud.at\/index.php?rest_route=\/wp\/v2\/pages\/56","targetHints":{"allow":["GET"]}}],"collection":[{"href":"https:\/\/optimistic-cloud.at\/index.php?rest_route=\/wp\/v2\/pages"}],"about":[{"href":"https:\/\/optimistic-cloud.at\/index.php?rest_route=\/wp\/v2\/types\/page"}],"author":[{"embeddable":true,"href":"https:\/\/optimistic-cloud.at\/index.php?rest_route=\/wp\/v2\/users\/1"}],"replies":[{"embeddable":true,"href":"https:\/\/optimistic-cloud.at\/index.php?rest_route=%2Fwp%2Fv2%2Fcomments&post=56"}],"version-history":[{"count":15,"href":"https:\/\/optimistic-cloud.at\/index.php?rest_route=\/wp\/v2\/pages\/56\/revisions"}],"predecessor-version":[{"id":548,"href":"https:\/\/optimistic-cloud.at\/index.php?rest_route=\/wp\/v2\/pages\/56\/revisions\/548"}],"wp:attachment":[{"href":"https:\/\/optimistic-cloud.at\/index.php?rest_route=%2Fwp%2Fv2%2Fmedia&parent=56"}],"curies":[{"name":"wp","href":"https:\/\/api.w.org\/{rel}","templated":true}]}}